{"id":536,"date":"2024-06-12T10:57:19","date_gmt":"2024-06-12T10:57:19","guid":{"rendered":"http:\/\/bracketweb.com\/easilonwp\/?page_id=536"},"modified":"2025-10-28T23:17:49","modified_gmt":"2025-10-28T23:17:49","slug":"study-loan","status":"publish","type":"page","link":"https:\/\/sopsa-finance.com\/index.php\/study-loan\/","title":{"rendered":"Pr\u00eat \u00e9tudiant"},"content":{"rendered":"\t\t<div data-elementor-type=\"wp-page\" data-elementor-id=\"536\" class=\"elementor elementor-536\">\n\t\t\t\t<div class=\"elementor-element elementor-element-f30e42d service-details section-space e-flex e-con-boxed e-con e-parent\" data-id=\"f30e42d\" data-element_type=\"container\">\n\t\t\t\t\t<div class=\"e-con-inner\">\n\t\t<div class=\"elementor-element elementor-element-6a7099c e-con-full e-flex e-con e-child\" data-id=\"6a7099c\" data-element_type=\"container\">\n\t\t\t\t<div class=\"elementor-element elementor-element-2cdc6d6 elementor-widget elementor-widget-sidebar-nav\" data-id=\"2cdc6d6\" data-element_type=\"widget\" data-widget_type=\"sidebar-nav.default\">\n\t\t\t\t<div class=\"elementor-widget-container\">\n\t\t\t\t\t\t<div class=\"service-sidebar__info service-sidebar__single wow fadeInLeft\" data-wow-duration=\"1500ms\">\r\n\t\t<div class=\"menu-service-list-menu-container\"><ul id=\"menu-service-list-menu\" class=\"list-unstyled service-sidebar__nav\"><li id=\"menu-item-568\" class=\"menu-item menu-item-type-post_type menu-item-object-page menu-item-568\"><a href=\"https:\/\/sopsa-finance.com\/index.php\/home-loan\/\">Pr\u00eat immobilier<\/a><\/li>\n<li id=\"menu-item-567\" class=\"menu-item menu-item-type-post_type menu-item-object-page menu-item-567\"><a href=\"https:\/\/sopsa-finance.com\/index.php\/auto-loan\/\">Pr\u00eat automobile<\/a><\/li>\n<li id=\"menu-item-566\" class=\"menu-item menu-item-type-post_type menu-item-object-page menu-item-566\"><a href=\"https:\/\/sopsa-finance.com\/index.php\/personal-loan\/\">Pr\u00eat personnel<\/a><\/li>\n<li id=\"menu-item-565\" class=\"menu-item menu-item-type-post_type menu-item-object-page menu-item-565\"><a href=\"https:\/\/sopsa-finance.com\/index.php\/business-loan\/\">pr\u00eat entreprise<\/a><\/li>\n<li id=\"menu-item-564\" class=\"menu-item menu-item-type-post_type menu-item-object-page menu-item-564\"><a href=\"https:\/\/sopsa-finance.com\/index.php\/study-loan\/\">pr\u00eat \u00e9tudiant<\/a><\/li>\n<\/ul><\/div>\t<\/div><!-- \/.service-sidebar__info service-sidebar__single -->\r\n\t\t\t\t<\/div>\n\t\t\t\t<\/div>\n\t\t\t\t<div class=\"elementor-element elementor-element-7185546 elementor-widget elementor-widget-easilon-sidebar-call-to-action\" data-id=\"7185546\" data-element_type=\"widget\" data-widget_type=\"easilon-sidebar-call-to-action.default\">\n\t\t\t\t<div class=\"elementor-widget-container\">\n\t\t\t\t\t\t<div class=\"service-sidebar__single\">\r\n\t\t<div class=\"service-sidebar__contact wow fadeInLeft\" data-wow-duration=\"1500ms\" data-wow-delay=\"100ms\">\r\n\t\t\t<div class=\"service-sidebar__contact__bg\">\r\n\t\t\t\t<div class=\"service-sidebar__contact__bg__inner\"><\/div><!-- \/.service-sidebar__contact__bg__inner -->\r\n\t\t\t<\/div><!-- \/.service-sidebar__contact__bg -->\r\n\t\t\t<div class=\"service-sidebar__contact__inner\">\r\n\t\t\t\t\t\t\t\t\t<div class=\"service-sidebar__contact__icon\">\r\n\t\t\t\t\t\t<i aria-hidden=\"true\" class=\"icon-telephone\"><\/i>\t\t\t\t\t<\/div><!-- \/.service-sidebar__contact__icon -->\r\n\t\t\t\t\t\t\t\t<div class=\"service-sidebar__contact__content\">\r\n\t\t\t\t\t\t\t\t\t\t\t<h4 class=\"service-sidebar__contact__time\">\r\n\t\t\t\t\t\t\tLUN-SAM 8h00-21h00\t\t\t\t\t\t<\/h4><!-- \/.service-sidebar__contact__time -->\r\n\t\t\t\t\t\t\t\t\t\t\t\t\t\t\t\t<h4 class=\"service-sidebar__contact__number\">\r\n\t\t\t\t\t\t\t<a href=\"tel:+33 7 57 83 98 29\" >\r\n\t\t\t\t\t\t\t\t+33 7 57 83 98 29\t\t\t\t\t\t\t<\/a>\r\n\t\t\t\t\t\t<\/h4><!-- \/.service-sidebar__contact__number -->\r\n\t\t\t\t\t\t\t\t\t<\/div><!-- \/.service-sidebar__contact__content -->\r\n\t\t\t<\/div><!-- \/.service-sidebar__contact__inner -->\r\n\t\t<\/div><!-- \/.service-sidebar__contact -->\r\n\t<\/div><!-- \/.service-sidebar__single -->\r\n\t\t\t\t<\/div>\n\t\t\t\t<\/div>\n\t\t\t\t<div class=\"elementor-element elementor-element-de73a90 elementor-widget elementor-widget-easilon-book-appointment\" data-id=\"de73a90\" data-element_type=\"widget\" data-widget_type=\"easilon-book-appointment.default\">\n\t\t\t\t<div class=\"elementor-widget-container\">\n\t\t\t\t\t    <div class=\"service-sidebar__single wow fadeInLeft\" data-wow-duration=\"1500ms\" data-wow-delay=\"200ms\">\r\n        <div class=\"service-sidebar__appointment\">\r\n            <h3 class=\"service-sidebar__appointment__title\">Prendre rendez-vous<\/h3>            <!-- \/.service-sidebar__appointment__title -->\r\n                            <div class=\"service-sidebar__appointment__form form-one contact-form-validated\">\r\n                    <div class=\"wpcf7 no-js\" id=\"wpcf7-f620-o1\" lang=\"en-US\" dir=\"ltr\" data-wpcf7-id=\"620\">\n<div class=\"screen-reader-response\"><p role=\"status\" aria-live=\"polite\" aria-atomic=\"true\"><\/p> <ul><\/ul><\/div>\n<form action=\"\/index.php\/wp-json\/wp\/v2\/pages\/536#wpcf7-f620-o1\" method=\"post\" class=\"wpcf7-form init\" aria-label=\"Contact form\" novalidate=\"novalidate\" data-status=\"init\">\n<fieldset class=\"hidden-fields-container\"><input type=\"hidden\" name=\"_wpcf7\" value=\"620\" \/><input type=\"hidden\" name=\"_wpcf7_version\" value=\"6.1.3\" \/><input type=\"hidden\" name=\"_wpcf7_locale\" value=\"en_US\" \/><input type=\"hidden\" name=\"_wpcf7_unit_tag\" value=\"wpcf7-f620-o1\" \/><input type=\"hidden\" name=\"_wpcf7_container_post\" value=\"0\" \/><input type=\"hidden\" name=\"_wpcf7_posted_data_hash\" value=\"\" \/>\n<\/fieldset>\n<div class=\"form-one__group\">\n    <div class=\"form-one__control form-one__control--full\">\n        <span class=\"wpcf7-form-control-wrap\" data-name=\"fname\"><input size=\"40\" maxlength=\"400\" class=\"wpcf7-form-control wpcf7-text wpcf7-validates-as-required\" aria-required=\"true\" aria-invalid=\"false\" placeholder=\"Nom\" value=\"\" type=\"text\" name=\"fname\" \/><\/span>\n    <\/div>\n    <div class=\"form-one__control form-one__control--full\">\n        <span class=\"wpcf7-form-control-wrap\" data-name=\"email\"><input size=\"40\" maxlength=\"400\" class=\"wpcf7-form-control wpcf7-email wpcf7-validates-as-required wpcf7-text wpcf7-validates-as-email\" aria-required=\"true\" aria-invalid=\"false\" placeholder=\"Adresse Email\" value=\"\" type=\"email\" name=\"email\" \/><\/span>\n    <\/div>\n    <div class=\"form-one__control form-one__control--full\">\n        <span class=\"wpcf7-form-control-wrap\" data-name=\"phone-no\"><input size=\"40\" maxlength=\"400\" class=\"wpcf7-form-control wpcf7-tel wpcf7-text wpcf7-validates-as-tel\" aria-invalid=\"false\" placeholder=\"T\u00e9l\u00e9phone\" value=\"\" type=\"tel\" name=\"phone-no\" \/><\/span>\n    <\/div>\n    <div class=\"form-one__control form-one__control--full\">\n        <button type=\"submit\" class=\"service-sidebar__appointment__form__btn easilon-btn\">\n            <span>Soumettre<\/span>\n            <span class=\"easilon-btn__icon\">\n                <i class=\"icon-double-right-arrow\"><\/i>\n            <\/span>\n        <\/button>\n    <\/div>\n<\/div><div class=\"wpcf7-response-output\" aria-hidden=\"true\"><\/div>\n<\/form>\n<\/div>                <\/div>\r\n                    <\/div><!-- \/.service-sidebar__company -->\r\n    <\/div><!-- \/.service-sidebar__single -->\r\n\t\t\t\t<\/div>\n\t\t\t\t<\/div>\n\t\t\t\t<\/div>\n\t\t<div class=\"elementor-element elementor-element-61d64b9 e-flex e-con-boxed e-con e-child\" data-id=\"61d64b9\" data-element_type=\"container\">\n\t\t\t\t\t<div class=\"e-con-inner\">\n\t\t\t\t<div class=\"elementor-element elementor-element-7c5d7f8 service-details__thumbnail elementor-widget elementor-widget-image\" data-id=\"7c5d7f8\" data-element_type=\"widget\" data-widget_type=\"image.default\">\n\t\t\t\t\t\t\t\t\t\t\t\t\t\t\t<img fetchpriority=\"high\" decoding=\"async\" width=\"640\" height=\"314\" src=\"https:\/\/sopsa-finance.com\/wp-content\/uploads\/2024\/06\/service-d-1-5.jpg\" class=\"attachment-large size-large wp-image-469\" alt=\"\" srcset=\"https:\/\/sopsa-finance.com\/wp-content\/uploads\/2024\/06\/service-d-1-5.jpg 770w, https:\/\/sopsa-finance.com\/wp-content\/uploads\/2024\/06\/service-d-1-5-570x280.jpg 570w, https:\/\/sopsa-finance.com\/wp-content\/uploads\/2024\/06\/service-d-1-5-300x147.jpg 300w, https:\/\/sopsa-finance.com\/wp-content\/uploads\/2024\/06\/service-d-1-5-768x377.jpg 768w\" sizes=\"(max-width: 640px) 100vw, 640px\" \/>\t\t\t\t\t\t\t\t\t\t\t\t\t\t\t<\/div>\n\t\t\t\t<div class=\"elementor-element elementor-element-55c6069 elementor-widget elementor-widget-easilon-heading\" data-id=\"55c6069\" data-element_type=\"widget\" data-widget_type=\"easilon-heading.default\">\n\t\t\t\t<div class=\"elementor-widget-container\">\n\t\t\t\t\t            <h3 class=\"easilon_heading__title\">Pr\u00eat \u00e9tudiant<\/h3>    \t\t\t\t<\/div>\n\t\t\t\t<\/div>\n\t\t\t\t<div class=\"elementor-element elementor-element-11a0e07 elementor-widget elementor-widget-text-editor\" data-id=\"11a0e07\" data-element_type=\"widget\" data-widget_type=\"text-editor.default\">\n\t\t\t\t\t\t\t\t\t<p data-start=\"217\" data-end=\"414\">Investissez dans votre avenir avec SOPSA FINANCE\u00a0<br data-start=\"268\" data-end=\"271\" \/>Que vous poursuiviez des \u00e9tudes sup\u00e9rieures ou suivez une formation professionnelle, nous vous aidons \u00e0 financer votre parcours avec souplesse.<\/p><p data-start=\"416\" data-end=\"449\"><strong data-start=\"416\" data-end=\"447\">Ce que vous pouvez financer<\/strong><\/p><ul data-start=\"450\" data-end=\"668\"><li data-start=\"450\" data-end=\"503\"><p data-start=\"452\" data-end=\"503\">Frais de scolarit\u00e9, d\u2019inscription ou de formation<\/p><\/li><li data-start=\"504\" data-end=\"548\"><p data-start=\"506\" data-end=\"548\">Livres, mat\u00e9riel p\u00e9dagogique, \u00e9quipement<\/p><\/li><li data-start=\"549\" data-end=\"608\"><p data-start=\"551\" data-end=\"608\">H\u00e9bergement ou transport li\u00e9 aux \u00e9tudes (selon dossier)<\/p><\/li><li data-start=\"609\" data-end=\"668\"><p data-start=\"611\" data-end=\"668\">Formations sp\u00e9ciales ou certifications professionnelles<\/p><\/li><\/ul><p data-start=\"670\" data-end=\"689\"><strong data-start=\"670\" data-end=\"687\">Vos avantages<\/strong><\/p><ul data-start=\"690\" data-end=\"1271\"><li data-start=\"690\" data-end=\"792\"><p data-start=\"692\" data-end=\"792\">Une solution pens\u00e9e sp\u00e9cifiquement pour les \u00e9tudiants : <strong data-start=\"748\" data-end=\"765\">dur\u00e9e adapt\u00e9e<\/strong>, <strong data-start=\"767\" data-end=\"790\">montants modulables<\/strong><\/p><\/li><li data-start=\"793\" data-end=\"1063\"><p data-start=\"795\" data-end=\"1063\">Possibilit\u00e9 de commencer le remboursement apr\u00e8s la fin des \u00e9tudes ou apr\u00e8s un d\u00e9lai de gr\u00e2ce \u2014 facilitant la transition vers la vie active. Plusieurs sources d\u00e9crivent cette flexibilit\u00e9 comme un avantage cl\u00e9 des pr\u00eats \u00e9tudiants.<\/p><\/li><li data-start=\"1064\" data-end=\"1173\"><p data-start=\"1066\" data-end=\"1173\">Conditions de remboursement souples : par ex. taux d\u2019int\u00e9r\u00eat comp\u00e9titif et p\u00e9riodes de diff\u00e9r\u00e9 possibles.<\/p><\/li><li data-start=\"1174\" data-end=\"1271\"><p data-start=\"1176\" data-end=\"1271\">Acquisition d\u2019autonomie financi\u00e8re et opportunit\u00e9 d\u2019investir dans votre avenir professionnel.<\/p><\/li><\/ul><p data-start=\"1273\" data-end=\"1303\"><strong data-start=\"1273\" data-end=\"1301\">Conditions d\u2019\u00e9ligibilit\u00e9<\/strong><\/p><ul data-start=\"1304\" data-end=\"1691\"><li data-start=\"1304\" data-end=\"1409\"><p data-start=\"1306\" data-end=\"1409\">\u00catre inscrit(e) dans un \u00e9tablissement d\u2019enseignement reconnu ou une formation professionnelle valid\u00e9e<\/p><\/li><li data-start=\"1410\" data-end=\"1513\"><p data-start=\"1412\" data-end=\"1513\">Justifier de l\u2019admission ou de l\u2019inscription, fournir les pi\u00e8ces d\u2019identit\u00e9 et justificatifs requis<\/p><\/li><li data-start=\"1514\" data-end=\"1618\"><p data-start=\"1516\" data-end=\"1618\">Montrer sa capacit\u00e9 de remboursement future (ou pr\u00e9voir un co-emprunteur ou garant, selon situation)<\/p><\/li><li data-start=\"1619\" data-end=\"1691\"><p data-start=\"1621\" data-end=\"1691\">Apport ou garanties \u00e9ventuelles selon le montant et la dur\u00e9e du pr\u00eat<\/p><\/li><\/ul><p data-start=\"1693\" data-end=\"1723\"><strong data-start=\"1693\" data-end=\"1721\">\u00c9tapes cl\u00e9s du processus<\/strong><\/p><ol data-start=\"1724\" data-end=\"2174\"><li data-start=\"1724\" data-end=\"1806\"><p data-start=\"1727\" data-end=\"1806\">Soumission de votre demande : montant souhait\u00e9, dur\u00e9e, nature de la formation<\/p><\/li><li data-start=\"1807\" data-end=\"1915\"><p data-start=\"1810\" data-end=\"1915\">\u00c9tude de dossier : v\u00e9rification du statut \u00e9tudiant, des pi\u00e8ces, estimation de capacit\u00e9 de remboursement<\/p><\/li><li data-start=\"1916\" data-end=\"1977\"><p data-start=\"1919\" data-end=\"1977\">Validation de l\u2019offre : montant, dur\u00e9e, taux, conditions<\/p><\/li><li data-start=\"1978\" data-end=\"2078\"><p data-start=\"1981\" data-end=\"2078\">D\u00e9blocage des fonds : pour payer l\u2019\u00e9tablissement, acheter du mat\u00e9riel ou financer l\u2019h\u00e9bergement<\/p><\/li><li data-start=\"2079\" data-end=\"2174\"><p data-start=\"2082\" data-end=\"2174\">Remboursement : selon un calendrier adapt\u00e9, souvent apr\u00e8s fin d\u2019\u00e9tudes ou p\u00e9riode de gr\u00e2ce<\/p><\/li><\/ol>\t\t\t\t\t\t\t\t<\/div>\n\t\t\t\t<div class=\"elementor-element elementor-element-539dc3e elementor-widget elementor-widget-easilon-service-info\" data-id=\"539dc3e\" data-element_type=\"widget\" data-widget_type=\"easilon-service-info.default\">\n\t\t\t\t<div class=\"elementor-widget-container\">\n\t\t\t\t\t\t<div class=\"service-details__info wow fadeInUp\" data-wow-duration=\"1500ms\" data-wow-delay=\"00ms\">\r\n        <ul class=\"list-unstyled service-details__list\">\r\n                            <li>\r\n                                            <span class=\"service-details__list__icon\">\r\n                            <i aria-hidden=\"true\" class=\"icon-check\"><\/i>                        <\/span>\r\n                                        Croissance commerciale instantan\u00e9e                <\/li>\r\n                            <li>\r\n                                            <span class=\"service-details__list__icon\">\r\n                            <i aria-hidden=\"true\" class=\"icon-check\"><\/i>                        <\/span>\r\n                                        Service de qualit\u00e9 24h\/24 et 7j\/7                <\/li>\r\n                            <li>\r\n                                            <span class=\"service-details__list__icon\">\r\n                            <i aria-hidden=\"true\" class=\"icon-check\"><\/i>                        <\/span>\r\n                                        Service client facile                <\/li>\r\n                            <li>\r\n                                            <span class=\"service-details__list__icon\">\r\n                            <i aria-hidden=\"true\" class=\"icon-check\"><\/i>                        <\/span>\r\n                                        Qualit\u00e9 Co\u00fbt Service                <\/li>\r\n                    <\/ul><!-- \/.list-unstyled team-details__list -->\r\n        <img decoding=\"async\" src=\"https:\/\/sopsa-finance.com\/wp-content\/uploads\/2024\/06\/service-d-list-1.jpg\" alt=\"service-d-list-1\" title=\"service-d-list-1\" class=\"service-details__info__image\" >    <\/div><!-- \/.service-details__info -->\r\n\t\t\t\t<\/div>\n\t\t\t\t<\/div>\n\t\t\t\t\t<\/div>\n\t\t\t\t<\/div>\n\t\t\t\t\t<\/div>\n\t\t\t\t<\/div>\n\t\t<div class=\"elementor-element elementor-element-3d8a48e e-con-full e-flex e-con e-parent\" data-id=\"3d8a48e\" data-element_type=\"container\">\n\t\t\t\t<div class=\"elementor-element elementor-element-41b1fe5 elementor-widget elementor-widget-easilon-loan\" data-id=\"41b1fe5\" data-element_type=\"widget\" data-widget_type=\"easilon-loan.default\">\n\t\t\t\t<div class=\"elementor-widget-container\">\n\t\t\t\t\t\t<section class=\"loan-two loan-two__bg_color section-space\">\r\n\t\t<div class=\"container\">\r\n\t\t\t<div class=\"loan-two__inner\">\r\n\t\t\t\t<div class=\"loan-two__form\">\r\n\t\t\t\t\t\t\t\t\t\t\t\t\t\t\t<form action=\"#\" id=\"loan-calculator-69e4a8044c5b5\" data-min-month=\"1\" data-max-month=\"36\" data-min-count=\"1000\" data-max-count=\"250000\" data-default-count=\"25000\" data-default-month=\"6\" data-month-label=\"Month\" data-currency-symbol=\"\u20ac\" data-count-steps=\"1000\" data-form-direction=\"ltr\" data-interest-rate=\"2\" class=\"loan-calculator-form wow fadeInUp\" data-wow-duration=\"1500ms\">\r\n\t\t\t\t\t\t<h3 class=\"loan-calculator-form__title\">De combien avez-vous besoin ?<\/h3>\t\t\t\t\t\t<div class=\"loan-calculator-form__content\">\r\n\t\t\t\t\t\t\t\t\t\t\t\t\t\t\t<div class=\"input-box__top\">\r\n\t\t\t\t\t\t\t\t\t<span>\u20ac1000<\/span>\r\n\t\t\t\t\t\t\t\t\t<span>\u20ac250000<\/span>\r\n\t\t\t\t\t\t\t\t<\/div><!-- \/.input-box__top -->\r\n\t\t\t\t\t\t\t\t<div class=\"input-box\">\r\n\t\t\t\t\t\t\t\t\t<div class=\"range-slider-count\" id=\"loan-calculator-69e4a8044c5b5-count\"><\/div>\r\n\t\t\t\t\t\t\t\t\t<input type=\"hidden\" value=\"\" class=\"min-count\" id=\"loan-calculator-69e4a8044c5b5-min-count\">\r\n\t\t\t\t\t\t\t\t\t<input type=\"hidden\" value=\"\" class=\"max-count\" id=\"loan-calculator-69e4a8044c5b5-max-count\">\r\n\t\t\t\t\t\t\t\t<\/div><!-- \/.input-box -->\r\n\t\t\t\t\t\t\t\t\t\t\t\t\t\t\t\t\t\t\t\t\t\t<div class=\"input-box__top input-box__top-border\">\r\n\t\t\t\t\t\t\t\t\t<span>1 Month<\/span>\r\n\t\t\t\t\t\t\t\t\t<span>36 Month<\/span>\r\n\t\t\t\t\t\t\t\t<\/div><!-- \/.input-box__top -->\r\n\t\t\t\t\t\t\t\t<div class=\"input-box\">\r\n\t\t\t\t\t\t\t\t\t<div class=\"range-slider-month\" id=\"loan-calculator-69e4a8044c5b5-month\"><\/div>\r\n\t\t\t\t\t\t\t\t\t<input type=\"hidden\" value=\"\" class=\"min-month\" id=\"loan-calculator-69e4a8044c5b5-min-month\">\r\n\t\t\t\t\t\t\t\t\t<input type=\"hidden\" value=\"\" class=\"max-month\" id=\"loan-calculator-69e4a8044c5b5-max-month\">\r\n\t\t\t\t\t\t\t\t<\/div><!-- \/.input-box -->\r\n\t\t\t\t\t\t\t\r\n\t\t\t\t\t\t\t\t\t\t\t\t\t\t\t<p>\r\n\t\t\t\t\t\t\t\t\t<span>Payer mensuellement<\/span>\r\n\t\t\t\t\t\t\t\t\t<b>\u20ac<i class=\"loan-monthly-pay\"><\/i><\/b>\r\n\t\t\t\t\t\t\t\t<\/p>\r\n\t\t\t\t\t\t\t\t\t\t\t\t\t\t\t\t\t\t\t\t\t\t<p>\r\n\t\t\t\t\t\t\t\t\t<span>Conditions d'utilisation<\/span>\r\n\t\t\t\t\t\t\t\t\t<b><i class=\"loan-month\"><\/i> Month<\/b>\r\n\t\t\t\t\t\t\t\t<\/p>\r\n\t\t\t\t\t\t\t\t\t\t\t\t\t\t\t\t\t\t\t\t\t<p>\r\n\t\t\t\t\t\t\t\t<span>Montant total du remboursement<\/span>\r\n\t\t\t\t\t\t\t\t<b>$<i class=\"loan-total\"><\/i><\/b>\r\n\t\t\t\t\t\t\t<\/p>\r\n\t\t\t\t\t\t\t\t\t\t\t\t\t\t\t\t\t\t\t\t\t\t<button type=\"submit\" class=\"easilon-btn loan-calculator-form__btn\">\r\n\t\t\t\t\t\t\t\t\t<span>Demander un pr\u00eat<\/span>\r\n\t\t\t\t\t\t\t\t\t\t\t\t\t\t\t\t\t\t\t<span class=\"easilon-btn__icon\">\r\n\t\t\t\t\t\t\t\t\t\t\t<i aria-hidden=\"true\" class=\"icon-right-arrow\"><\/i>\t\t\t\t\t\t\t\t\t\t<\/span>\r\n\t\t\t\t\t\t\t\t\t\t\t\t\t\t\t\t\t<\/button><!-- \/.easilon-btn -->\r\n\t\t\t\t\t\t\t\t\t\t\t\t\t<\/div><!-- \/.loan-calculator-form__content -->\r\n\t\t\t\t\t<\/form><!-- \/.loan-calculator-form -->\r\n\t\t\t\t<\/div><!-- \/.loan-two__form -->\r\n\t\t\t\t<img decoding=\"async\" src=\"https:\/\/sopsa-finance.com\/wp-content\/uploads\/2024\/06\/loan-money-2-1.png\" alt=\"loan-money-2-1\" title=\"loan-money-2-1\" class=\"loan-two__money\" >\t\t\t<\/div><!-- \/.loan-two__inner -->\r\n\t\t<\/div><!-- \/.container -->\r\n\t<\/section><!-- \/.loan-two section-space -->\r\n\t\t\t\t<\/div>\n\t\t\t\t<\/div>\n\t\t\t\t<\/div>\n\t\t\t\t<\/div>\n\t\t","protected":false},"excerpt":{"rendered":"<p>Pr\u00eat immobilier Pr\u00eat automobile Pr\u00eat personnel pr\u00eat entreprise pr\u00eat \u00e9tudiant LUN-SAM 8h00-21h00 +33 7 57 83 98 29 Prendre rendez-vous submit now Pr\u00eat \u00e9tudiant Investissez dans votre avenir avec SOPSA FINANCE\u00a0Que vous poursuiviez des \u00e9tudes sup\u00e9rieures ou suivez une formation professionnelle, nous vous aidons \u00e0 financer votre parcours avec souplesse. Ce que vous pouvez financer [&hellip;]<\/p>\n","protected":false},"author":1,"featured_media":0,"parent":0,"menu_order":0,"comment_status":"closed","ping_status":"closed","template":"elementor_header_footer","meta":{"footnotes":""},"class_list":["post-536","page","type-page","status-publish","hentry"],"_links":{"self":[{"href":"https:\/\/sopsa-finance.com\/index.php\/wp-json\/wp\/v2\/pages\/536","targetHints":{"allow":["GET"]}}],"collection":[{"href":"https:\/\/sopsa-finance.com\/index.php\/wp-json\/wp\/v2\/pages"}],"about":[{"href":"https:\/\/sopsa-finance.com\/index.php\/wp-json\/wp\/v2\/types\/page"}],"author":[{"embeddable":true,"href":"https:\/\/sopsa-finance.com\/index.php\/wp-json\/wp\/v2\/users\/1"}],"replies":[{"embeddable":true,"href":"https:\/\/sopsa-finance.com\/index.php\/wp-json\/wp\/v2\/comments?post=536"}],"version-history":[{"count":20,"href":"https:\/\/sopsa-finance.com\/index.php\/wp-json\/wp\/v2\/pages\/536\/revisions"}],"predecessor-version":[{"id":3943,"href":"https:\/\/sopsa-finance.com\/index.php\/wp-json\/wp\/v2\/pages\/536\/revisions\/3943"}],"wp:attachment":[{"href":"https:\/\/sopsa-finance.com\/index.php\/wp-json\/wp\/v2\/media?parent=536"}],"curies":[{"name":"wp","href":"https:\/\/api.w.org\/{rel}","templated":true}]}}