{"id":532,"date":"2024-06-12T10:56:16","date_gmt":"2024-06-12T10:56:16","guid":{"rendered":"http:\/\/bracketweb.com\/easilonwp\/?page_id=532"},"modified":"2025-10-28T23:36:02","modified_gmt":"2025-10-28T23:36:02","slug":"personal-loan","status":"publish","type":"page","link":"https:\/\/sopsa-finance.com\/index.php\/personal-loan\/","title":{"rendered":"Pr\u00eat personnel"},"content":{"rendered":"\t\t<div data-elementor-type=\"wp-page\" data-elementor-id=\"532\" class=\"elementor elementor-532\">\n\t\t\t\t<div class=\"elementor-element elementor-element-77b1092 service-details section-space e-flex e-con-boxed e-con e-parent\" data-id=\"77b1092\" data-element_type=\"container\">\n\t\t\t\t\t<div class=\"e-con-inner\">\n\t\t<div class=\"elementor-element elementor-element-22825ba e-con-full e-flex e-con e-child\" data-id=\"22825ba\" data-element_type=\"container\">\n\t\t\t\t<div class=\"elementor-element elementor-element-d72a5d0 elementor-widget elementor-widget-sidebar-nav\" data-id=\"d72a5d0\" data-element_type=\"widget\" data-widget_type=\"sidebar-nav.default\">\n\t\t\t\t<div class=\"elementor-widget-container\">\n\t\t\t\t\t\t<div class=\"service-sidebar__info service-sidebar__single wow fadeInLeft\" data-wow-duration=\"1500ms\">\r\n\t\t<div class=\"menu-service-list-menu-container\"><ul id=\"menu-service-list-menu\" class=\"list-unstyled service-sidebar__nav\"><li id=\"menu-item-568\" class=\"menu-item menu-item-type-post_type menu-item-object-page menu-item-568\"><a href=\"https:\/\/sopsa-finance.com\/index.php\/home-loan\/\">Pr\u00eat immobilier<\/a><\/li>\n<li id=\"menu-item-567\" class=\"menu-item menu-item-type-post_type menu-item-object-page menu-item-567\"><a href=\"https:\/\/sopsa-finance.com\/index.php\/auto-loan\/\">Pr\u00eat automobile<\/a><\/li>\n<li id=\"menu-item-566\" class=\"menu-item menu-item-type-post_type menu-item-object-page menu-item-566\"><a href=\"https:\/\/sopsa-finance.com\/index.php\/personal-loan\/\">Pr\u00eat personnel<\/a><\/li>\n<li id=\"menu-item-565\" class=\"menu-item menu-item-type-post_type menu-item-object-page menu-item-565\"><a href=\"https:\/\/sopsa-finance.com\/index.php\/business-loan\/\">pr\u00eat entreprise<\/a><\/li>\n<li id=\"menu-item-564\" class=\"menu-item menu-item-type-post_type menu-item-object-page menu-item-564\"><a href=\"https:\/\/sopsa-finance.com\/index.php\/study-loan\/\">pr\u00eat \u00e9tudiant<\/a><\/li>\n<\/ul><\/div>\t<\/div><!-- \/.service-sidebar__info service-sidebar__single -->\r\n\t\t\t\t<\/div>\n\t\t\t\t<\/div>\n\t\t\t\t<div class=\"elementor-element elementor-element-f8cbcc1 elementor-widget elementor-widget-easilon-sidebar-call-to-action\" data-id=\"f8cbcc1\" data-element_type=\"widget\" data-widget_type=\"easilon-sidebar-call-to-action.default\">\n\t\t\t\t<div class=\"elementor-widget-container\">\n\t\t\t\t\t\t<div class=\"service-sidebar__single\">\r\n\t\t<div class=\"service-sidebar__contact wow fadeInLeft\" data-wow-duration=\"1500ms\" data-wow-delay=\"100ms\">\r\n\t\t\t<div class=\"service-sidebar__contact__bg\">\r\n\t\t\t\t<div class=\"service-sidebar__contact__bg__inner\"><\/div><!-- \/.service-sidebar__contact__bg__inner -->\r\n\t\t\t<\/div><!-- \/.service-sidebar__contact__bg -->\r\n\t\t\t<div class=\"service-sidebar__contact__inner\">\r\n\t\t\t\t\t\t\t\t\t<div class=\"service-sidebar__contact__icon\">\r\n\t\t\t\t\t\t<i aria-hidden=\"true\" class=\"icon-telephone\"><\/i>\t\t\t\t\t<\/div><!-- \/.service-sidebar__contact__icon -->\r\n\t\t\t\t\t\t\t\t<div class=\"service-sidebar__contact__content\">\r\n\t\t\t\t\t\t\t\t\t\t\t<h4 class=\"service-sidebar__contact__time\">\r\n\t\t\t\t\t\t\tLUN-SAM 8h00-21h00\t\t\t\t\t\t<\/h4><!-- \/.service-sidebar__contact__time -->\r\n\t\t\t\t\t\t\t\t\t\t\t\t\t\t\t\t<h4 class=\"service-sidebar__contact__number\">\r\n\t\t\t\t\t\t\t<a href=\"tel:+33 7 57 83 98 29\" >\r\n\t\t\t\t\t\t\t\t+33 7 57 83 98 29\t\t\t\t\t\t\t<\/a>\r\n\t\t\t\t\t\t<\/h4><!-- \/.service-sidebar__contact__number -->\r\n\t\t\t\t\t\t\t\t\t<\/div><!-- \/.service-sidebar__contact__content -->\r\n\t\t\t<\/div><!-- \/.service-sidebar__contact__inner -->\r\n\t\t<\/div><!-- \/.service-sidebar__contact -->\r\n\t<\/div><!-- \/.service-sidebar__single -->\r\n\t\t\t\t<\/div>\n\t\t\t\t<\/div>\n\t\t\t\t<div class=\"elementor-element elementor-element-24501e1 elementor-widget elementor-widget-easilon-book-appointment\" data-id=\"24501e1\" data-element_type=\"widget\" data-widget_type=\"easilon-book-appointment.default\">\n\t\t\t\t<div class=\"elementor-widget-container\">\n\t\t\t\t\t    <div class=\"service-sidebar__single wow fadeInLeft\" data-wow-duration=\"1500ms\" data-wow-delay=\"200ms\">\r\n        <div class=\"service-sidebar__appointment\">\r\n            <h3 class=\"service-sidebar__appointment__title\">Prendre rendez-vous<\/h3>            <!-- \/.service-sidebar__appointment__title -->\r\n                            <div class=\"service-sidebar__appointment__form form-one contact-form-validated\">\r\n                    <div class=\"wpcf7 no-js\" id=\"wpcf7-f620-o1\" lang=\"en-US\" dir=\"ltr\" data-wpcf7-id=\"620\">\n<div class=\"screen-reader-response\"><p role=\"status\" aria-live=\"polite\" aria-atomic=\"true\"><\/p> <ul><\/ul><\/div>\n<form action=\"\/index.php\/wp-json\/wp\/v2\/pages\/532#wpcf7-f620-o1\" method=\"post\" class=\"wpcf7-form init\" aria-label=\"Contact form\" novalidate=\"novalidate\" data-status=\"init\">\n<fieldset class=\"hidden-fields-container\"><input type=\"hidden\" name=\"_wpcf7\" value=\"620\" \/><input type=\"hidden\" name=\"_wpcf7_version\" value=\"6.1.3\" \/><input type=\"hidden\" name=\"_wpcf7_locale\" value=\"en_US\" \/><input type=\"hidden\" name=\"_wpcf7_unit_tag\" value=\"wpcf7-f620-o1\" \/><input type=\"hidden\" name=\"_wpcf7_container_post\" value=\"0\" \/><input type=\"hidden\" name=\"_wpcf7_posted_data_hash\" value=\"\" \/>\n<\/fieldset>\n<div class=\"form-one__group\">\n    <div class=\"form-one__control form-one__control--full\">\n        <span class=\"wpcf7-form-control-wrap\" data-name=\"fname\"><input size=\"40\" maxlength=\"400\" class=\"wpcf7-form-control wpcf7-text wpcf7-validates-as-required\" aria-required=\"true\" aria-invalid=\"false\" placeholder=\"Nom\" value=\"\" type=\"text\" name=\"fname\" \/><\/span>\n    <\/div>\n    <div class=\"form-one__control form-one__control--full\">\n        <span class=\"wpcf7-form-control-wrap\" data-name=\"email\"><input size=\"40\" maxlength=\"400\" class=\"wpcf7-form-control wpcf7-email wpcf7-validates-as-required wpcf7-text wpcf7-validates-as-email\" aria-required=\"true\" aria-invalid=\"false\" placeholder=\"Adresse Email\" value=\"\" type=\"email\" name=\"email\" \/><\/span>\n    <\/div>\n    <div class=\"form-one__control form-one__control--full\">\n        <span class=\"wpcf7-form-control-wrap\" data-name=\"phone-no\"><input size=\"40\" maxlength=\"400\" class=\"wpcf7-form-control wpcf7-tel wpcf7-text wpcf7-validates-as-tel\" aria-invalid=\"false\" placeholder=\"T\u00e9l\u00e9phone\" value=\"\" type=\"tel\" name=\"phone-no\" \/><\/span>\n    <\/div>\n    <div class=\"form-one__control form-one__control--full\">\n        <button type=\"submit\" class=\"service-sidebar__appointment__form__btn easilon-btn\">\n            <span>Soumettre<\/span>\n            <span class=\"easilon-btn__icon\">\n                <i class=\"icon-double-right-arrow\"><\/i>\n            <\/span>\n        <\/button>\n    <\/div>\n<\/div><div class=\"wpcf7-response-output\" aria-hidden=\"true\"><\/div>\n<\/form>\n<\/div>                <\/div>\r\n                    <\/div><!-- \/.service-sidebar__company -->\r\n    <\/div><!-- \/.service-sidebar__single -->\r\n\t\t\t\t<\/div>\n\t\t\t\t<\/div>\n\t\t\t\t<\/div>\n\t\t<div class=\"elementor-element elementor-element-7eae054 e-flex e-con-boxed e-con e-child\" data-id=\"7eae054\" data-element_type=\"container\">\n\t\t\t\t\t<div class=\"e-con-inner\">\n\t\t\t\t<div class=\"elementor-element elementor-element-854edbb service-details__thumbnail elementor-widget elementor-widget-image\" data-id=\"854edbb\" data-element_type=\"widget\" data-widget_type=\"image.default\">\n\t\t\t\t\t\t\t\t\t\t\t\t\t\t\t<img fetchpriority=\"high\" decoding=\"async\" width=\"640\" height=\"314\" src=\"https:\/\/sopsa-finance.com\/wp-content\/uploads\/2024\/06\/service-d-1-3.jpg\" class=\"attachment-large size-large wp-image-467\" alt=\"\" srcset=\"https:\/\/sopsa-finance.com\/wp-content\/uploads\/2024\/06\/service-d-1-3.jpg 770w, https:\/\/sopsa-finance.com\/wp-content\/uploads\/2024\/06\/service-d-1-3-570x280.jpg 570w, https:\/\/sopsa-finance.com\/wp-content\/uploads\/2024\/06\/service-d-1-3-300x147.jpg 300w, https:\/\/sopsa-finance.com\/wp-content\/uploads\/2024\/06\/service-d-1-3-768x377.jpg 768w\" sizes=\"(max-width: 640px) 100vw, 640px\" \/>\t\t\t\t\t\t\t\t\t\t\t\t\t\t\t<\/div>\n\t\t\t\t<div class=\"elementor-element elementor-element-d4eda65 elementor-widget elementor-widget-easilon-heading\" data-id=\"d4eda65\" data-element_type=\"widget\" data-widget_type=\"easilon-heading.default\">\n\t\t\t\t<div class=\"elementor-widget-container\">\n\t\t\t\t\t            <h3 class=\"easilon_heading__title\">Pr\u00eat Personnel <\/h3>    \t\t\t\t<\/div>\n\t\t\t\t<\/div>\n\t\t\t\t<div class=\"elementor-element elementor-element-7795484 elementor-widget elementor-widget-text-editor\" data-id=\"7795484\" data-element_type=\"widget\" data-widget_type=\"text-editor.default\">\n\t\t\t\t\t\t\t\t\t<p data-start=\"200\" data-end=\"387\">R\u00e9pondez \u00e0 vos besoins imm\u00e9diats avec SOPSA FINANCE<br data-start=\"251\" data-end=\"254\" \/>Que ce soit pour un projet, une d\u00e9pense impr\u00e9vue ou un r\u00eave \u00e0 financer, nous vous proposons une solution flexible, rapide et adapt\u00e9e.<\/p><p data-start=\"389\" data-end=\"422\"><strong data-start=\"389\" data-end=\"420\">Ce que vous pouvez financer<\/strong><\/p><ul data-start=\"423\" data-end=\"618\"><li data-start=\"423\" data-end=\"496\"><p data-start=\"425\" data-end=\"496\">Une d\u00e9pense personnelle importante (voyage, mariage, \u00e9v\u00e9nement, etc.)<\/p><\/li><li data-start=\"497\" data-end=\"537\"><p data-start=\"499\" data-end=\"537\">Un achat d\u2019\u00e9quipement ou de mat\u00e9riel<\/p><\/li><li data-start=\"538\" data-end=\"581\"><p data-start=\"540\" data-end=\"581\">Une r\u00e9novation l\u00e9g\u00e8re de votre logement<\/p><\/li><li data-start=\"582\" data-end=\"618\"><p data-start=\"584\" data-end=\"618\">Un besoin de tr\u00e9sorerie ponctuel<\/p><\/li><\/ul><p data-start=\"620\" data-end=\"639\"><strong data-start=\"620\" data-end=\"637\">Vos avantages<\/strong><\/p><ul data-start=\"640\" data-end=\"1127\"><li data-start=\"640\" data-end=\"752\"><p data-start=\"642\" data-end=\"752\">Aucun usage pr\u00e9d\u00e9fini : vous utilisez le pr\u00eat comme vous le souhaitez.\u00a0<\/p><\/li><li data-start=\"753\" data-end=\"871\"><p data-start=\"755\" data-end=\"871\">Pas de garantie hypoth\u00e9caire ou d\u2019actif \u00e0 bloquer (souvent pr\u00eat non garanti)\u00a0<\/p><\/li><li data-start=\"872\" data-end=\"986\"><p data-start=\"874\" data-end=\"986\">Processus simple et rapide : demandes simplifi\u00e9es, documentation r\u00e9duite<\/p><\/li><li data-start=\"872\" data-end=\"986\"><p data-start=\"874\" data-end=\"986\"><span style=\"letter-spacing: 0px;\">Remboursement par mensualit\u00e9s fixes dans une dur\u00e9e que vous d\u00e9finissez en fonction de votre budget\u00a0<\/span><\/p><\/li><\/ul><p data-start=\"1129\" data-end=\"1159\"><strong data-start=\"1129\" data-end=\"1157\">Conditions d\u2019\u00e9ligibilit\u00e9<\/strong><\/p><ul data-start=\"1160\" data-end=\"1393\"><li data-start=\"1160\" data-end=\"1226\"><p data-start=\"1162\" data-end=\"1226\">\u00catre majeur, avec des revenus r\u00e9guliers ou une activit\u00e9 stable<\/p><\/li><li data-start=\"1227\" data-end=\"1306\"><p data-start=\"1229\" data-end=\"1306\">Pr\u00e9senter une pi\u00e8ce d\u2019identit\u00e9, justificatif de domicile, preuves de revenu<\/p><\/li><li data-start=\"1307\" data-end=\"1393\"><p data-start=\"1309\" data-end=\"1393\">Le montant, le taux et la dur\u00e9e d\u00e9pendent de votre profil et garanties \u00e9ventuelles<\/p><\/li><\/ul><p data-start=\"1395\" data-end=\"1425\"><strong data-start=\"1395\" data-end=\"1423\">\u00c9tapes cl\u00e9s du processus<\/strong><\/p><ol data-start=\"1426\" data-end=\"1783\"><li data-start=\"1426\" data-end=\"1505\"><p data-start=\"1429\" data-end=\"1505\">Soumettez votre demande : montant souhait\u00e9, dur\u00e9e, justification du besoin<\/p><\/li><li data-start=\"1506\" data-end=\"1589\"><p data-start=\"1509\" data-end=\"1589\">\u00c9tude et analyse de votre dossier : revenus, cr\u00e9dit, capacit\u00e9 de remboursement<\/p><\/li><li data-start=\"1590\" data-end=\"1664\"><p data-start=\"1593\" data-end=\"1664\">Approbation : offre personnalis\u00e9e avec montant, taux et dur\u00e9e valid\u00e9s<\/p><\/li><li data-start=\"1665\" data-end=\"1724\"><p data-start=\"1668\" data-end=\"1724\">D\u00e9blocage des fonds : versement pour utilisation libre<\/p><\/li><li data-start=\"1725\" data-end=\"1783\"><p data-start=\"1728\" data-end=\"1783\">Remboursement : en mensualit\u00e9s fixes selon \u00e9ch\u00e9ancier<\/p><\/li><\/ol>\t\t\t\t\t\t\t\t<\/div>\n\t\t\t\t<div class=\"elementor-element elementor-element-f4da148 elementor-widget elementor-widget-easilon-service-info\" data-id=\"f4da148\" data-element_type=\"widget\" data-widget_type=\"easilon-service-info.default\">\n\t\t\t\t<div class=\"elementor-widget-container\">\n\t\t\t\t\t\t<div class=\"service-details__info wow fadeInUp\" data-wow-duration=\"1500ms\" data-wow-delay=\"00ms\">\r\n        <ul class=\"list-unstyled service-details__list\">\r\n                            <li>\r\n                                            <span class=\"service-details__list__icon\">\r\n                            <i aria-hidden=\"true\" class=\"icon-check\"><\/i>                        <\/span>\r\n                                        Croissance commerciale instantan\u00e9e                <\/li>\r\n                            <li>\r\n                                            <span class=\"service-details__list__icon\">\r\n                            <i aria-hidden=\"true\" class=\"icon-check\"><\/i>                        <\/span>\r\n                                        Service de qualit\u00e9 24h\/24 et 7j\/7                <\/li>\r\n                            <li>\r\n                                            <span class=\"service-details__list__icon\">\r\n                            <i aria-hidden=\"true\" class=\"icon-check\"><\/i>                        <\/span>\r\n                                        Service client facile                <\/li>\r\n                            <li>\r\n                                            <span class=\"service-details__list__icon\">\r\n                            <i aria-hidden=\"true\" class=\"icon-check\"><\/i>                        <\/span>\r\n                                        Qualit\u00e9 Co\u00fbt Service                <\/li>\r\n                    <\/ul><!-- \/.list-unstyled team-details__list -->\r\n        <img decoding=\"async\" src=\"https:\/\/sopsa-finance.com\/wp-content\/uploads\/2024\/06\/service-d-list-1.jpg\" alt=\"service-d-list-1\" title=\"service-d-list-1\" class=\"service-details__info__image\" >    <\/div><!-- \/.service-details__info -->\r\n\t\t\t\t<\/div>\n\t\t\t\t<\/div>\n\t\t\t\t\t<\/div>\n\t\t\t\t<\/div>\n\t\t\t\t\t<\/div>\n\t\t\t\t<\/div>\n\t\t<div class=\"elementor-element elementor-element-a571176 e-con-full e-flex e-con e-parent\" data-id=\"a571176\" data-element_type=\"container\">\n\t\t\t\t<div class=\"elementor-element elementor-element-0bce8ca elementor-widget elementor-widget-easilon-loan\" data-id=\"0bce8ca\" data-element_type=\"widget\" data-widget_type=\"easilon-loan.default\">\n\t\t\t\t<div class=\"elementor-widget-container\">\n\t\t\t\t\t\t<section class=\"loan-two loan-two__bg_color section-space\">\r\n\t\t<div class=\"container\">\r\n\t\t\t<div class=\"loan-two__inner\">\r\n\t\t\t\t<div class=\"loan-two__form\">\r\n\t\t\t\t\t\t\t\t\t\t\t\t\t\t\t<form action=\"#\" id=\"loan-calculator-69e4a81d1d727\" data-min-month=\"1\" data-max-month=\"36\" data-min-count=\"1000\" data-max-count=\"250000\" data-default-count=\"25000\" data-default-month=\"6\" data-month-label=\"Month\" data-currency-symbol=\"\u20ac\" data-count-steps=\"1000\" data-form-direction=\"ltr\" data-interest-rate=\"2\" class=\"loan-calculator-form wow fadeInUp\" data-wow-duration=\"1500ms\">\r\n\t\t\t\t\t\t<h3 class=\"loan-calculator-form__title\">De combien avez-vous besoin ?<\/h3>\t\t\t\t\t\t<div class=\"loan-calculator-form__content\">\r\n\t\t\t\t\t\t\t\t\t\t\t\t\t\t\t<div class=\"input-box__top\">\r\n\t\t\t\t\t\t\t\t\t<span>\u20ac1000<\/span>\r\n\t\t\t\t\t\t\t\t\t<span>\u20ac250000<\/span>\r\n\t\t\t\t\t\t\t\t<\/div><!-- \/.input-box__top -->\r\n\t\t\t\t\t\t\t\t<div class=\"input-box\">\r\n\t\t\t\t\t\t\t\t\t<div class=\"range-slider-count\" id=\"loan-calculator-69e4a81d1d727-count\"><\/div>\r\n\t\t\t\t\t\t\t\t\t<input type=\"hidden\" value=\"\" class=\"min-count\" id=\"loan-calculator-69e4a81d1d727-min-count\">\r\n\t\t\t\t\t\t\t\t\t<input type=\"hidden\" value=\"\" class=\"max-count\" id=\"loan-calculator-69e4a81d1d727-max-count\">\r\n\t\t\t\t\t\t\t\t<\/div><!-- \/.input-box -->\r\n\t\t\t\t\t\t\t\t\t\t\t\t\t\t\t\t\t\t\t\t\t\t<div class=\"input-box__top input-box__top-border\">\r\n\t\t\t\t\t\t\t\t\t<span>1 Month<\/span>\r\n\t\t\t\t\t\t\t\t\t<span>36 Month<\/span>\r\n\t\t\t\t\t\t\t\t<\/div><!-- \/.input-box__top -->\r\n\t\t\t\t\t\t\t\t<div class=\"input-box\">\r\n\t\t\t\t\t\t\t\t\t<div class=\"range-slider-month\" id=\"loan-calculator-69e4a81d1d727-month\"><\/div>\r\n\t\t\t\t\t\t\t\t\t<input type=\"hidden\" value=\"\" class=\"min-month\" id=\"loan-calculator-69e4a81d1d727-min-month\">\r\n\t\t\t\t\t\t\t\t\t<input type=\"hidden\" value=\"\" class=\"max-month\" id=\"loan-calculator-69e4a81d1d727-max-month\">\r\n\t\t\t\t\t\t\t\t<\/div><!-- \/.input-box -->\r\n\t\t\t\t\t\t\t\r\n\t\t\t\t\t\t\t\t\t\t\t\t\t\t\t<p>\r\n\t\t\t\t\t\t\t\t\t<span>Payer mensuellement<\/span>\r\n\t\t\t\t\t\t\t\t\t<b>\u20ac<i class=\"loan-monthly-pay\"><\/i><\/b>\r\n\t\t\t\t\t\t\t\t<\/p>\r\n\t\t\t\t\t\t\t\t\t\t\t\t\t\t\t\t\t\t\t\t\t\t<p>\r\n\t\t\t\t\t\t\t\t\t<span>Conditions d'utilisation<\/span>\r\n\t\t\t\t\t\t\t\t\t<b><i class=\"loan-month\"><\/i> Month<\/b>\r\n\t\t\t\t\t\t\t\t<\/p>\r\n\t\t\t\t\t\t\t\t\t\t\t\t\t\t\t\t\t\t\t\t\t<p>\r\n\t\t\t\t\t\t\t\t<span>Montant total du remboursement<\/span>\r\n\t\t\t\t\t\t\t\t<b>$<i class=\"loan-total\"><\/i><\/b>\r\n\t\t\t\t\t\t\t<\/p>\r\n\t\t\t\t\t\t\t\t\t\t\t\t\t\t\t\t\t\t\t\t\t\t<button type=\"submit\" class=\"easilon-btn loan-calculator-form__btn\">\r\n\t\t\t\t\t\t\t\t\t<span>Demander un pr\u00eat<\/span>\r\n\t\t\t\t\t\t\t\t\t\t\t\t\t\t\t\t\t\t\t<span class=\"easilon-btn__icon\">\r\n\t\t\t\t\t\t\t\t\t\t\t<i aria-hidden=\"true\" class=\"icon-right-arrow\"><\/i>\t\t\t\t\t\t\t\t\t\t<\/span>\r\n\t\t\t\t\t\t\t\t\t\t\t\t\t\t\t\t\t<\/button><!-- \/.easilon-btn -->\r\n\t\t\t\t\t\t\t\t\t\t\t\t\t<\/div><!-- \/.loan-calculator-form__content -->\r\n\t\t\t\t\t<\/form><!-- \/.loan-calculator-form -->\r\n\t\t\t\t<\/div><!-- \/.loan-two__form -->\r\n\t\t\t\t<img decoding=\"async\" src=\"https:\/\/sopsa-finance.com\/wp-content\/uploads\/2024\/06\/loan-money-2-1.png\" alt=\"loan-money-2-1\" title=\"loan-money-2-1\" class=\"loan-two__money\" >\t\t\t<\/div><!-- \/.loan-two__inner -->\r\n\t\t<\/div><!-- \/.container -->\r\n\t<\/section><!-- \/.loan-two section-space -->\r\n\t\t\t\t<\/div>\n\t\t\t\t<\/div>\n\t\t\t\t<\/div>\n\t\t\t\t<\/div>\n\t\t","protected":false},"excerpt":{"rendered":"<p>Pr\u00eat immobilier Pr\u00eat automobile Pr\u00eat personnel pr\u00eat entreprise pr\u00eat \u00e9tudiant LUN-SAM 8h00-21h00 +33 7 57 83 98 29 Prendre rendez-vous submit now Pr\u00eat Personnel R\u00e9pondez \u00e0 vos besoins imm\u00e9diats avec SOPSA FINANCEQue ce soit pour un projet, une d\u00e9pense impr\u00e9vue ou un r\u00eave \u00e0 financer, nous vous proposons une solution flexible, rapide et adapt\u00e9e. Ce [&hellip;]<\/p>\n","protected":false},"author":1,"featured_media":0,"parent":0,"menu_order":0,"comment_status":"closed","ping_status":"closed","template":"elementor_header_footer","meta":{"footnotes":""},"class_list":["post-532","page","type-page","status-publish","hentry"],"_links":{"self":[{"href":"https:\/\/sopsa-finance.com\/index.php\/wp-json\/wp\/v2\/pages\/532","targetHints":{"allow":["GET"]}}],"collection":[{"href":"https:\/\/sopsa-finance.com\/index.php\/wp-json\/wp\/v2\/pages"}],"about":[{"href":"https:\/\/sopsa-finance.com\/index.php\/wp-json\/wp\/v2\/types\/page"}],"author":[{"embeddable":true,"href":"https:\/\/sopsa-finance.com\/index.php\/wp-json\/wp\/v2\/users\/1"}],"replies":[{"embeddable":true,"href":"https:\/\/sopsa-finance.com\/index.php\/wp-json\/wp\/v2\/comments?post=532"}],"version-history":[{"count":8,"href":"https:\/\/sopsa-finance.com\/index.php\/wp-json\/wp\/v2\/pages\/532\/revisions"}],"predecessor-version":[{"id":3967,"href":"https:\/\/sopsa-finance.com\/index.php\/wp-json\/wp\/v2\/pages\/532\/revisions\/3967"}],"wp:attachment":[{"href":"https:\/\/sopsa-finance.com\/index.php\/wp-json\/wp\/v2\/media?parent=532"}],"curies":[{"name":"wp","href":"https:\/\/api.w.org\/{rel}","templated":true}]}}