{"id":4006,"date":"2025-10-30T14:08:32","date_gmt":"2025-10-30T14:08:32","guid":{"rendered":"https:\/\/sopsa-finance.com\/?page_id=4006"},"modified":"2025-10-30T14:43:44","modified_gmt":"2025-10-30T14:43:44","slug":"conditions-generales-de-pret","status":"publish","type":"page","link":"https:\/\/sopsa-finance.com\/index.php\/conditions-generales-de-pret\/","title":{"rendered":"CONDITIONS G\u00c9N\u00c9RALES DE PR\u00caT"},"content":{"rendered":"\t\t<div data-elementor-type=\"wp-page\" data-elementor-id=\"4006\" class=\"elementor elementor-4006\">\n\t\t\t\t<div class=\"elementor-element elementor-element-d431d13 e-flex e-con-boxed e-con e-parent\" data-id=\"d431d13\" data-element_type=\"container\">\n\t\t\t\t\t<div class=\"e-con-inner\">\n\t\t\t\t<div class=\"elementor-element elementor-element-7472178 elementor-widget elementor-widget-spacer\" data-id=\"7472178\" data-element_type=\"widget\" data-widget_type=\"spacer.default\">\n\t\t\t\t\t\t\t<div class=\"elementor-spacer\">\n\t\t\t<div class=\"elementor-spacer-inner\"><\/div>\n\t\t<\/div>\n\t\t\t\t\t\t<\/div>\n\t\t\t\t\t<\/div>\n\t\t\t\t<\/div>\n\t\t<div class=\"elementor-element elementor-element-59180d9 e-flex e-con-boxed e-con e-parent\" data-id=\"59180d9\" data-element_type=\"container\">\n\t\t\t\t\t<div class=\"e-con-inner\">\n\t\t\t\t<div class=\"elementor-element elementor-element-e3b2aeb elementor-widget elementor-widget-text-editor\" data-id=\"e3b2aeb\" data-element_type=\"widget\" data-widget_type=\"text-editor.default\">\n\t\t\t\t\t\t\t\t\t<ul><li data-start=\"3507\" data-end=\"3584\"><p data-start=\"3510\" data-end=\"3584\"><strong data-start=\"3510\" data-end=\"3533\">Montant des pr\u00eats :<\/strong> selon la capacit\u00e9 de remboursement du demandeur.<\/p><\/li><li data-start=\"3585\" data-end=\"3711\"><p data-start=\"3588\" data-end=\"3711\"><strong data-start=\"3588\" data-end=\"3608\">Taux d\u2019int\u00e9r\u00eat :<\/strong> fix\u00e9s conform\u00e9ment \u00e0 la r\u00e9glementation en vigueur et indiqu\u00e9s dans chaque offre pr\u00e9alable de cr\u00e9dit.<\/p><\/li><li data-start=\"3712\" data-end=\"3777\"><p data-start=\"3715\" data-end=\"3777\"><strong data-start=\"3715\" data-end=\"3734\">Dur\u00e9e du pr\u00eat :<\/strong> d\u00e9termin\u00e9e selon le type de financement.<\/p><\/li><li data-start=\"3778\" data-end=\"3853\"><p data-start=\"3781\" data-end=\"3853\"><strong data-start=\"3781\" data-end=\"3813\">Modalit\u00e9s de remboursement :<\/strong> pr\u00e9cis\u00e9es dans le contrat individuel.<\/p><\/li><li data-start=\"3854\" data-end=\"3969\"><p data-start=\"3857\" data-end=\"3969\"><strong data-start=\"3857\" data-end=\"3884\">Droit de r\u00e9tractation :<\/strong> 14 jours calendaires \u00e0 compter de la signature (selon le Code de la consommation).<\/p><\/li><li data-start=\"3970\" data-end=\"4065\"><p data-start=\"3973\" data-end=\"4065\"><strong data-start=\"3973\" data-end=\"3997\">Retard de paiement :<\/strong> tout retard entra\u00eene l\u2019application de p\u00e9nalit\u00e9s selon le contrat.<\/p><\/li><li data-start=\"4066\" data-end=\"4147\"><p data-start=\"4069\" data-end=\"4147\"><strong data-start=\"4069\" data-end=\"4095\">Assurance emprunteur :<\/strong> facultative ou obligatoire selon la nature du pr\u00eat.<\/p><\/li><\/ul><p>\u00a0<\/p>\t\t\t\t\t\t\t\t<\/div>\n\t\t\t\t\t<\/div>\n\t\t\t\t<\/div>\n\t\t\t\t<\/div>\n\t\t","protected":false},"excerpt":{"rendered":"<p>Montant des pr\u00eats : selon la capacit\u00e9 de remboursement du demandeur. Taux d\u2019int\u00e9r\u00eat : fix\u00e9s conform\u00e9ment \u00e0 la r\u00e9glementation en vigueur et indiqu\u00e9s dans chaque offre pr\u00e9alable de cr\u00e9dit. Dur\u00e9e du pr\u00eat : d\u00e9termin\u00e9e selon le type de financement. Modalit\u00e9s de remboursement : pr\u00e9cis\u00e9es dans le contrat individuel. Droit de r\u00e9tractation : 14 jours calendaires [&hellip;]<\/p>\n","protected":false},"author":1,"featured_media":0,"parent":0,"menu_order":0,"comment_status":"closed","ping_status":"closed","template":"elementor_header_footer","meta":{"footnotes":""},"class_list":["post-4006","page","type-page","status-publish","hentry"],"_links":{"self":[{"href":"https:\/\/sopsa-finance.com\/index.php\/wp-json\/wp\/v2\/pages\/4006","targetHints":{"allow":["GET"]}}],"collection":[{"href":"https:\/\/sopsa-finance.com\/index.php\/wp-json\/wp\/v2\/pages"}],"about":[{"href":"https:\/\/sopsa-finance.com\/index.php\/wp-json\/wp\/v2\/types\/page"}],"author":[{"embeddable":true,"href":"https:\/\/sopsa-finance.com\/index.php\/wp-json\/wp\/v2\/users\/1"}],"replies":[{"embeddable":true,"href":"https:\/\/sopsa-finance.com\/index.php\/wp-json\/wp\/v2\/comments?post=4006"}],"version-history":[{"count":4,"href":"https:\/\/sopsa-finance.com\/index.php\/wp-json\/wp\/v2\/pages\/4006\/revisions"}],"predecessor-version":[{"id":4010,"href":"https:\/\/sopsa-finance.com\/index.php\/wp-json\/wp\/v2\/pages\/4006\/revisions\/4010"}],"wp:attachment":[{"href":"https:\/\/sopsa-finance.com\/index.php\/wp-json\/wp\/v2\/media?parent=4006"}],"curies":[{"name":"wp","href":"https:\/\/api.w.org\/{rel}","templated":true}]}}