{"id":3994,"date":"2025-10-30T13:34:39","date_gmt":"2025-10-30T13:34:39","guid":{"rendered":"https:\/\/sopsa-finance.com\/?page_id=3994"},"modified":"2025-10-30T13:49:17","modified_gmt":"2025-10-30T13:49:17","slug":"mentions-legales","status":"publish","type":"page","link":"https:\/\/sopsa-finance.com\/index.php\/mentions-legales\/","title":{"rendered":"MENTIONS L\u00c9GALES"},"content":{"rendered":"\t\t<div data-elementor-type=\"wp-page\" data-elementor-id=\"3994\" class=\"elementor elementor-3994\">\n\t\t\t\t<div class=\"elementor-element elementor-element-a7d57c6 e-flex e-con-boxed e-con e-parent\" data-id=\"a7d57c6\" data-element_type=\"container\">\n\t\t\t\t\t<div class=\"e-con-inner\">\n\t\t\t\t<div class=\"elementor-element elementor-element-a4c3663 elementor-widget elementor-widget-spacer\" data-id=\"a4c3663\" data-element_type=\"widget\" data-widget_type=\"spacer.default\">\n\t\t\t\t\t\t\t<div class=\"elementor-spacer\">\n\t\t\t<div class=\"elementor-spacer-inner\"><\/div>\n\t\t<\/div>\n\t\t\t\t\t\t<\/div>\n\t\t\t\t\t<\/div>\n\t\t\t\t<\/div>\n\t\t<div class=\"elementor-element elementor-element-217d43b e-flex e-con-boxed e-con e-parent\" data-id=\"217d43b\" data-element_type=\"container\">\n\t\t\t\t\t<div class=\"e-con-inner\">\n\t\t\t\t<div class=\"elementor-element elementor-element-815e743 elementor-widget elementor-widget-heading\" data-id=\"815e743\" data-element_type=\"widget\" data-widget_type=\"heading.default\">\n\t\t\t\t\t<h2 class=\"elementor-heading-title elementor-size-default\">MENTIONS L\u00c9GALES \n\n<\/h2>\t\t\t\t<\/div>\n\t\t\t\t\t<\/div>\n\t\t\t\t<\/div>\n\t\t<div class=\"elementor-element elementor-element-cf24011 e-flex e-con-boxed e-con e-parent\" data-id=\"cf24011\" data-element_type=\"container\">\n\t\t\t\t\t<div class=\"e-con-inner\">\n\t\t\t\t<div class=\"elementor-element elementor-element-23f4de1 elementor-widget elementor-widget-text-editor\" data-id=\"23f4de1\" data-element_type=\"widget\" data-widget_type=\"text-editor.default\">\n\t\t\t\t\t\t\t\t\t<p data-start=\"299\" data-end=\"905\"><strong data-start=\"299\" data-end=\"319\">Raison sociale :<\/strong> SOPSA FINANCE<br data-start=\"333\" data-end=\"336\" \/><strong data-start=\"336\" data-end=\"357\">Forme juridique :<\/strong> Soci\u00e9t\u00e9 par actions simplifi\u00e9e (SAS)<br data-start=\"394\" data-end=\"397\" \/><strong data-start=\"397\" data-end=\"408\">SIREN :<\/strong> 317 307 833<br data-start=\"420\" data-end=\"423\" \/><strong data-start=\"423\" data-end=\"449\">SIRET (si\u00e8ge social) :<\/strong> 317 307 833 00051<br data-start=\"467\" data-end=\"470\" \/><strong data-start=\"470\" data-end=\"486\">Num\u00e9ro RCS :<\/strong> Cayenne B 317 307 833<br data-start=\"508\" data-end=\"511\" \/><strong data-start=\"511\" data-end=\"549\">Num\u00e9ro de TVA intracommunautaire :<\/strong> FR43 317 307 833<br data-start=\"566\" data-end=\"569\" \/><strong data-start=\"569\" data-end=\"587\">Si\u00e8ge social :<\/strong> Zone Industrielle ZI de Terca, C\/O DPS SARL, 97351 MATOURY \u2013 Guyane fran\u00e7aise<br data-start=\"665\" data-end=\"668\" \/><strong data-start=\"668\" data-end=\"683\">Pr\u00e9sident :<\/strong> M. Alex RIMBAUD<br data-start=\"699\" data-end=\"702\" \/><strong data-start=\"702\" data-end=\"725\">Directeur g\u00e9n\u00e9ral :<\/strong> M. Richard LE COUR GRANDMAISON<br data-start=\"756\" data-end=\"759\" \/><strong data-start=\"759\" data-end=\"796\">Adresse \u00e9lectronique de contact :<\/strong>\u00a0<a class=\"decorated-link cursor-pointer\" rel=\"noopener\">info@sopsa-finance.com<\/a><br data-start=\"837\" data-end=\"840\" \/><strong data-start=\"840\" data-end=\"855\">T\u00e9l\u00e9phone :<\/strong>\u00a0<br data-start=\"869\" data-end=\"872\" \/><strong data-start=\"872\" data-end=\"891\">Site Internet :<\/strong><a class=\"decorated-link cursor-pointer\" style=\"color: #00cde5; outline: none;\" rel=\"noopener\">www.sopsa-finance.com<\/a><\/p><p data-start=\"907\" data-end=\"1042\"><strong data-start=\"907\" data-end=\"930\">H\u00e9bergeur du site :<\/strong>\u00a0hostinger<br data-start=\"965\" data-end=\"968\" \/><strong data-start=\"968\" data-end=\"996\">Adresse de l\u2019h\u00e9bergeur :<\/strong>\u00a0Hostinger International Ltd Lumiel Building, 4th Floor<br data-start=\"122\" data-end=\"125\" \/>61 Lordou Vyronos 6023 Larnaca<br data-start=\"1010\" data-end=\"1013\" \/><strong data-start=\"1013\" data-end=\"1028\">T\u00e9l\u00e9phone :<\/strong>\u00a0+370 645 03378<\/p>\t\t\t\t\t\t\t\t<\/div>\n\t\t\t\t\t<\/div>\n\t\t\t\t<\/div>\n\t\t\t\t<\/div>\n\t\t","protected":false},"excerpt":{"rendered":"<p>MENTIONS L\u00c9GALES Raison sociale : SOPSA FINANCEForme juridique : Soci\u00e9t\u00e9 par actions simplifi\u00e9e (SAS)SIREN : 317 307 833SIRET (si\u00e8ge social) : 317 307 833 00051Num\u00e9ro RCS : Cayenne B 317 307 833Num\u00e9ro de TVA intracommunautaire : FR43 317 307 833Si\u00e8ge social : Zone Industrielle ZI de Terca, C\/O DPS SARL, 97351 MATOURY \u2013 Guyane fran\u00e7aisePr\u00e9sident [&hellip;]<\/p>\n","protected":false},"author":1,"featured_media":0,"parent":0,"menu_order":0,"comment_status":"closed","ping_status":"closed","template":"elementor_header_footer","meta":{"footnotes":""},"class_list":["post-3994","page","type-page","status-publish","hentry"],"_links":{"self":[{"href":"https:\/\/sopsa-finance.com\/index.php\/wp-json\/wp\/v2\/pages\/3994","targetHints":{"allow":["GET"]}}],"collection":[{"href":"https:\/\/sopsa-finance.com\/index.php\/wp-json\/wp\/v2\/pages"}],"about":[{"href":"https:\/\/sopsa-finance.com\/index.php\/wp-json\/wp\/v2\/types\/page"}],"author":[{"embeddable":true,"href":"https:\/\/sopsa-finance.com\/index.php\/wp-json\/wp\/v2\/users\/1"}],"replies":[{"embeddable":true,"href":"https:\/\/sopsa-finance.com\/index.php\/wp-json\/wp\/v2\/comments?post=3994"}],"version-history":[{"count":4,"href":"https:\/\/sopsa-finance.com\/index.php\/wp-json\/wp\/v2\/pages\/3994\/revisions"}],"predecessor-version":[{"id":3999,"href":"https:\/\/sopsa-finance.com\/index.php\/wp-json\/wp\/v2\/pages\/3994\/revisions\/3999"}],"wp:attachment":[{"href":"https:\/\/sopsa-finance.com\/index.php\/wp-json\/wp\/v2\/media?parent=3994"}],"curies":[{"name":"wp","href":"https:\/\/api.w.org\/{rel}","templated":true}]}}